{"id":342,"date":"2016-02-10T14:05:14","date_gmt":"2016-02-10T14:05:14","guid":{"rendered":"http:\/\/test.kriesi.at\/new-spa\/?page_id=342"},"modified":"2026-02-11T19:31:37","modified_gmt":"2026-02-11T19:31:37","slug":"services-2","status":"publish","type":"page","link":"https:\/\/rau.design\/index.php\/services-2\/","title":{"rendered":"Grafikdesign"},"content":{"rendered":"<div  class='flex_column av-brdry-1ca56f80d92eb08d7c9c7f227a18e5d0 av_one_full  avia-builder-el-0  el_before_av_slideshow_full  avia-builder-el-no-sibling  first flex_column_div  '     ><\/div>\n<\/div><\/div><\/div><!-- close content main div --><\/div><\/div><div id='full_slider_1'  class='avia-fullwidth-slider main_color avia-shadow   avia-builder-el-1  el_after_av_one_full  el_before_av_icongrid   slider-not-first container_wrap fullsize'  >\n<style type=\"text\/css\" data-created_by=\"avia_inline_auto\" id=\"style-css-av-1a72m-eac4f326e2485108369bcd01f94c76c4\">\n#top #wrap_all .avia-slideshow .av-slideshow-caption.av-1a72m-eac4f326e2485108369bcd01f94c76c4__0 .avia-caption-title{\nfont-size:35px;\n}\n#top .avia-slideshow .av-slideshow-caption.av-1a72m-eac4f326e2485108369bcd01f94c76c4__0 .avia-caption-content{\nfont-size:18px;\n}\n#top .avia-slideshow .av-slideshow-caption.av-1a72m-eac4f326e2485108369bcd01f94c76c4__0 .avia-caption-content p{\nfont-size:18px;\n}\n\n@media only screen and (max-width: 479px){ \n#top #wrap_all .avia-slideshow .av-slideshow-caption.av-1a72m-eac4f326e2485108369bcd01f94c76c4__0 .avia-caption-title{\nfont-size:13px;\n}\n#top .avia-slideshow .av-slideshow-caption.av-1a72m-eac4f326e2485108369bcd01f94c76c4__0 .avia-caption-content{\nfont-size:10px;\n}\n#top .avia-slideshow .av-slideshow-caption.av-1a72m-eac4f326e2485108369bcd01f94c76c4__0 .avia-caption-content p{\nfont-size:10px;\n}\n}\n<\/style>\n<div  class='avia-slideshow av-1a72m-eac4f326e2485108369bcd01f94c76c4 avia-slideshow-featured av_slideshow_full avia-fade-slider av-slideshow-ui av-control-default av-slideshow-manual av-loop-once av-loop-manual-endless av-default-height-applied   avia-slideshow-1' data-slideshow-options=\"{&quot;animation&quot;:&quot;fade&quot;,&quot;autoplay&quot;:false,&quot;loop_autoplay&quot;:&quot;once&quot;,&quot;interval&quot;:5,&quot;loop_manual&quot;:&quot;manual-endless&quot;,&quot;autoplay_stopper&quot;:false,&quot;noNavigation&quot;:false,&quot;bg_slider&quot;:false,&quot;keep_padding&quot;:false,&quot;hoverpause&quot;:false,&quot;show_slide_delay&quot;:0}\"  itemprop=\"image\" itemscope=\"itemscope\" itemtype=\"https:\/\/schema.org\/ImageObject\" ><ul class='avia-slideshow-inner ' style='padding-bottom: 28.666666666667%;'><li  class='avia-slideshow-slide av-1a72m-eac4f326e2485108369bcd01f94c76c4__0  av-single-slide slide-1 slide-odd'><div data-rel='slideshow-1' class='avia-slide-wrap '   ><div class='av-slideshow-caption av-1a72m-eac4f326e2485108369bcd01f94c76c4__0 caption_fullwidth caption_right caption_right_framed caption_framed'><div class=\"container caption_container\"><div class=\"slideshow_caption\"><div class=\"slideshow_inner_caption\"><div class=\"slideshow_align_caption\"><h2 class='avia-caption-title '  itemprop=\"name\" >MAKE IT SIMPLE, <br \/> BUT SIGNIFICANT.<\/h2><div class='avia-caption-content '  itemprop=\"description\" ><p>&#8211; Don Draper<\/p>\n<\/div><\/div><\/div><\/div><\/div><\/div><img decoding=\"async\" fetchpriority=\"high\" class=\"wp-image-1450 avia-img-lazy-loading-not-1450\"  src=\"https:\/\/rau.design\/wp-content\/uploads\/2025\/09\/Titelbild-Grafik-1-1500x430.png\" width=\"1500\" height=\"430\" title='Titelbild Grafik' alt=''  itemprop=\"thumbnailUrl\"  style='min-height:225; min-width:785px; ' \/><\/div><\/li><\/ul><\/div><\/div><div id='after_full_slider_1'  class='main_color av_default_container_wrap container_wrap fullsize'  ><div class='container av-section-cont-open' ><div class='template-page content  av-content-full alpha units'><div class='post-entry post-entry-type-page post-entry-342'><div class='entry-content-wrapper clearfix'>\n\n<style type=\"text\/css\" data-created_by=\"avia_inline_auto\" id=\"style-css-av-mfzpwyth-40ed11bb6e19a34ed92752e19f50a96a\">\n.avia-icon-grid-container.av-mfzpwyth-40ed11bb6e19a34ed92752e19f50a96a .avia-icongrid{\njustify-content:space-between;\n}\n<\/style>\n<div  class='avia-icon-grid-container av-mfzpwyth-40ed11bb6e19a34ed92752e19f50a96a  avia-builder-el-2  el_after_av_slideshow_full  el_before_av_hr  avia-builder-el-first ' ><ul id='avia-icongrid-69dab46c19648' class='avia-icongrid clearfix avia_animate_when_almost_visible avia-icongrid-flipbox avia-icongrid-numrow-4 avia-cell-space-between av-flex-cells av-break-767 av-can-break-50'>\n<li class='av-icon-cell-item av-row-with-4-cells av-row-nr-1 av-cell-1 av-first-cell-row av-first-cell-item'><div class='avia-icongrid-wrapper av-mfzpwy2u-0d19378727b1223be4680ba020ba78c5'><article class='article-icon-entry '  itemscope=\"itemscope\" itemtype=\"https:\/\/schema.org\/CreativeWork\" ><div class='avia-icongrid-front '><div class=\"avia-icongrid-inner\"><div class='avia-icongrid-icon'><span class='icongrid-char avia-svg-icon avia-font-svg_entypo-fontello' data-av_svg_icon='star' data-av_iconset='svg_entypo-fontello'><svg version=\"1.1\" xmlns=\"http:\/\/www.w3.org\/2000\/svg\" width=\"28\" height=\"32\" viewBox=\"0 0 28 32\" preserveAspectRatio=\"xMidYMid meet\" aria-labelledby='av-svg-title-1' aria-describedby='av-svg-desc-1' role=\"graphics-symbol\">\n<title id='av-svg-title-1'>Star<\/title>\n<desc id='av-svg-desc-1'>Star<\/desc>\n<path d=\"M14.080 1.92l3.84 10.752h10.24l-8.384 6.272 3.008 11.136-8.704-6.656-8.704 6.656 3.008-11.136-8.384-6.272h10.24z\"><\/path>\n<\/svg><\/span><\/div><header class=\"entry-content-header\" aria-label=\"Icon: Logo &amp; CI-Entwicklung\"><h4 class='av_icongrid_title icongrid_title '  itemprop=\"headline\" >Logo &amp; CI-Entwicklung<\/h4><\/header><\/div><\/div><div class='avia-icongrid-flipback '><div class=\"avia-icongrid-inner\"><div class='avia-icongrid-text'  itemprop=\"text\" ><p style=\"text-align: center;\">Ich gebe deiner Marke<br \/>\nein Gesicht, das man<br \/>\nnicht vergisst.<\/p>\n<\/div><\/div><\/div><\/article><\/div><\/li>\n<li class='av-icon-cell-item av-row-with-4-cells av-row-nr-1 av-cell-2 av-first-cell-row av-inner-cell-item'><div class='avia-icongrid-wrapper av-ge8py-800338704ee9144579c7aabd6b98c9d2'><article class='article-icon-entry '  itemscope=\"itemscope\" itemtype=\"https:\/\/schema.org\/CreativeWork\" ><div class='avia-icongrid-front '><div class=\"avia-icongrid-inner\"><div class='avia-icongrid-icon'><span class='icongrid-char avia-svg-icon avia-font-svg_entypo-fontello' data-av_svg_icon='print' data-av_iconset='svg_entypo-fontello'><svg version=\"1.1\" xmlns=\"http:\/\/www.w3.org\/2000\/svg\" width=\"31\" height=\"32\" viewBox=\"0 0 31 32\" preserveAspectRatio=\"xMidYMid meet\" aria-labelledby='av-svg-title-2' aria-describedby='av-svg-desc-2' role=\"graphics-symbol\">\n<title id='av-svg-title-2'>Print<\/title>\n<desc id='av-svg-desc-2'>Print<\/desc>\n<path d=\"M2.112 10.368q-0.832 0-0.704-0.704 0.128-0.32 0.384-0.448 0.064 0 1.568-0.544t2.976-1.024 1.856-0.48h1.408v-4.8h12.16v4.8h1.472q0.384 0 1.824 0.48t2.944 1.024 1.568 0.544q0.576 0.256 0.384 0.832-0.128 0.32-0.64 0.32h-27.2zM29.632 12.16q0.64 0 1.184 0.608t0.544 1.312v5.568q0 0.704-0.544 1.312t-1.184 0.608h-3.2l1.408 8h-24.32l1.408-8h-3.136q-0.64 0-1.216-0.608t-0.576-1.312v-5.568q0-0.704 0.576-1.312t1.216-0.608h27.84zM6.72 26.368h17.92l-2.24-10.368h-13.44z\"><\/path>\n<\/svg><\/span><\/div><header class=\"entry-content-header\" aria-label=\"Icon: Printprodukte\"><h4 class='av_icongrid_title icongrid_title '  itemprop=\"headline\" >Printprodukte<\/h4><\/header><\/div><\/div><div class='avia-icongrid-flipback '><div class=\"avia-icongrid-inner\"><div class='avia-icongrid-text'  itemprop=\"text\" ><p style=\"text-align: center;\">Ich bringe deine Marke<br \/>\naufs Papier \u2013 klar,<br \/>\nkreativ und knackig.<\/p>\n<\/div><\/div><\/div><\/article><\/div><\/li>\n<li class='av-icon-cell-item av-row-with-4-cells av-row-nr-1 av-cell-3 av-first-cell-row av-inner-cell-item'><div class='avia-icongrid-wrapper av-90x0u-824a2e6022deab354b5b294babe1c09f'><article class='article-icon-entry '  itemscope=\"itemscope\" itemtype=\"https:\/\/schema.org\/CreativeWork\" ><div class='avia-icongrid-front '><div class=\"avia-icongrid-inner\"><div class='avia-icongrid-icon'><span class='icongrid-char avia-svg-icon avia-font-svg_entypo-fontello' data-av_svg_icon='box' data-av_iconset='svg_entypo-fontello'><svg version=\"1.1\" xmlns=\"http:\/\/www.w3.org\/2000\/svg\" width=\"29\" height=\"32\" viewBox=\"0 0 29 32\" preserveAspectRatio=\"xMidYMid meet\" aria-labelledby='av-svg-title-3' aria-describedby='av-svg-desc-3' role=\"graphics-symbol\">\n<title id='av-svg-title-3'>Box<\/title>\n<desc id='av-svg-desc-3'>Box<\/desc>\n<path d=\"M27.84 3.2q0.384 0 0.672 0.288t0.288 0.672v3.84h-28.8v-3.84q0-0.384 0.288-0.672t0.672-0.288h26.88zM1.6 26.56v-16.96h25.6v16.96q0 0.96-0.672 1.6t-1.568 0.64h-21.12q-0.896 0-1.568-0.64t-0.672-1.6zM9.6 12.8v3.2h9.6v-3.2h-9.6z\"><\/path>\n<\/svg><\/span><\/div><header class=\"entry-content-header\" aria-label=\"Icon: Verpackungsdesign\"><h4 class='av_icongrid_title icongrid_title '  itemprop=\"headline\" >Verpackungsdesign<\/h4><\/header><\/div><\/div><div class='avia-icongrid-flipback '><div class=\"avia-icongrid-inner\"><div class='avia-icongrid-text'  itemprop=\"text\" ><p style=\"text-align: center;\">Ich kreiere Verpackungen,<br \/>\ndie man lieber behalten<br \/>\nals wegwerfen will.<\/p>\n<\/div><\/div><\/div><\/article><\/div><\/li>\n<li class='av-icon-cell-item av-row-with-4-cells av-row-nr-1 av-cell-4 av-first-cell-row av-last-cell-item'><div class='avia-icongrid-wrapper av-mg71pdt8-d59ad0caf6e2156a7fe81439800be9ba'><article class='article-icon-entry '  itemscope=\"itemscope\" itemtype=\"https:\/\/schema.org\/CreativeWork\" ><div class='avia-icongrid-front '><div class=\"avia-icongrid-inner\"><div class='avia-icongrid-icon'><span class='icongrid-char avia-svg-icon avia-font-svg_entypo-fontello' data-av_svg_icon='mobile' data-av_iconset='svg_entypo-fontello'><svg version=\"1.1\" xmlns=\"http:\/\/www.w3.org\/2000\/svg\" width=\"19\" height=\"32\" viewBox=\"0 0 19 32\" preserveAspectRatio=\"xMidYMid meet\" aria-labelledby='av-svg-title-4' aria-describedby='av-svg-desc-4' role=\"graphics-symbol\">\n<title id='av-svg-title-4'>Mobile<\/title>\n<desc id='av-svg-desc-4'>Mobile<\/desc>\n<path d=\"M15.36 0.32q1.344 0 2.272 0.928t0.928 2.272v24.96q0 1.28-0.928 2.24t-2.272 0.96h-12.16q-1.28 0-2.24-0.96t-0.96-2.24v-24.96q0-1.344 0.96-2.272t2.24-0.928h12.16zM9.28 30.4q0.96 0 1.6-0.48t0.64-1.12q0-0.704-0.64-1.152t-1.6-0.448q-0.896 0-1.568 0.48t-0.672 1.12 0.672 1.12 1.568 0.48zM16 25.6v-21.12h-13.44v21.12h13.44z\"><\/path>\n<\/svg><\/span><\/div><header class=\"entry-content-header\" aria-label=\"Icon: Social Media\"><h4 class='av_icongrid_title icongrid_title '  itemprop=\"headline\" >Social Media<\/h4><\/header><\/div><\/div><div class='avia-icongrid-flipback '><div class=\"avia-icongrid-inner\"><div class='avia-icongrid-text'  itemprop=\"text\" ><p style=\"text-align: center;\">Ich sorge daf\u00fcr, dass<br \/>\ndeine Marke in jedem Feed<br \/>\nauff\u00e4llt.<\/p>\n<\/div><\/div><\/div><\/article><\/div><\/li>\n<\/ul><\/div>\n<div  class='hr av-6lapa-05803fd581d6aaf61790d1c311da211c hr-default  avia-builder-el-3  el_after_av_icongrid  el_before_av_one_full '><span class='hr-inner '><span class=\"hr-inner-style\"><\/span><\/span><\/div>\n<div  class='flex_column av-8eu9q-fb17c1b4a86dec96e3d273c523b770b1 av_one_full  avia-builder-el-4  el_after_av_hr  el_before_av_one_fifth  first flex_column_div  '     ><\/div>\n<div  class='flex_column av-hgwp2-b86d71b1498f6f1499a465047260ea91 av_one_fifth  avia-builder-el-5  el_after_av_one_full  el_before_av_three_fifth  first flex_column_div  column-top-margin'     ><\/div>\n<div  class='flex_column av-22zc6-c79e9bc06ef206f46ebe11a14e172058 av_three_fifth  avia-builder-el-6  el_after_av_one_fifth  el_before_av_one_fifth  flex_column_div  column-top-margin'     ><p>\n<style type=\"text\/css\" data-created_by=\"avia_inline_auto\" id=\"style-css-av-8u4rna-7290db0563d98b14f5345ad07d7eaf67\">\n#top .av-special-heading.av-8u4rna-7290db0563d98b14f5345ad07d7eaf67{\npadding-bottom:20px;\n}\nbody .av-special-heading.av-8u4rna-7290db0563d98b14f5345ad07d7eaf67 .av-special-heading-tag .heading-char{\nfont-size:25px;\n}\n.av-special-heading.av-8u4rna-7290db0563d98b14f5345ad07d7eaf67 .av-subheading{\nfont-size:15px;\n}\n<\/style>\n<div  class='av-special-heading av-8u4rna-7290db0563d98b14f5345ad07d7eaf67 av-special-heading-h1 blockquote modern-quote  avia-builder-el-7  el_before_av_textblock  avia-builder-el-first '><h1 class='av-special-heading-tag '  itemprop=\"headline\"  >Grafikdesign mit Wow-Effekt<\/h1><div class=\"special-heading-border\"><div class=\"special-heading-inner-border\"><\/div><\/div><\/div><br \/>\n<section  class='av_textblock_section av-8d4gfq-b8b5eee6d380ab3130745532da24e0cc '   itemscope=\"itemscope\" itemtype=\"https:\/\/schema.org\/CreativeWork\" ><div class='avia_textblock'  itemprop=\"text\" ><p style=\"text-align: left;\">Ob klassische Printprodukte wie Plakate, Brosch\u00fcren, Drucksorten f\u00fcr Deine Firma, Verpackungsdesign oder digitale Inhalte f\u00fcr Deine Social-Media-Kan\u00e4le: ich bringe die Botschaft ins richtige Format.<\/p>\n<p style=\"text-align: left;\">Mit meiner l\u00e4ngj\u00e4hrigen Erfahrung in Markendesign, CI-Entwicklung und Verpackungsgestaltung sorge ich daf\u00fcr, dass alles ineinader greift und einen klaren Wiedererkennungswert hat. Ich arbeite eng mit meinen Kunden zusammen. Meine Designs sind immer eine kreative Ausdrucksform von dem, was Dir wichtig ist und spiegelt Deinen einzigartigen Stil und Deine Werte wieder.<\/p>\n<p style=\"text-align: left;\">\n<p style=\"text-align: left;\">\n<\/div><\/section><\/p><\/div>\n<div  class='flex_column av-aeu3a-68f71b4a9b51edc81d999e009489f65a av_one_fifth  avia-builder-el-9  el_after_av_three_fifth  el_before_av_one_full  flex_column_div  column-top-margin'     ><\/div>\n<div  class='flex_column av-9j1su-422060d6ffb1f28a580fcad1a3b7cdd9 av_one_full  avia-builder-el-10  el_after_av_one_fifth  avia-builder-el-last  first flex_column_div  column-top-margin'     ><div  class='avia-slideshow av-mfzpu3rc-c4a0a00c66b0e102c5dfbf225e559be8 avia-slideshow-no scaling av_slideshow avia-slide-slider  avia-builder-el-11  avia-builder-el-no-sibling  av-slideshow-ui av-control-default av-slideshow-manual av-loop-once av-loop-manual-endless av-default-height-applied avia-slideshow-2' data-slideshow-options=\"{&quot;animation&quot;:&quot;slide&quot;,&quot;autoplay&quot;:false,&quot;loop_autoplay&quot;:&quot;once&quot;,&quot;interval&quot;:5,&quot;loop_manual&quot;:&quot;manual-endless&quot;,&quot;autoplay_stopper&quot;:false,&quot;noNavigation&quot;:false,&quot;bg_slider&quot;:false,&quot;keep_padding&quot;:false,&quot;hoverpause&quot;:false,&quot;show_slide_delay&quot;:0}\"  itemprop=\"image\" itemscope=\"itemscope\" itemtype=\"https:\/\/schema.org\/ImageObject\" ><ul class='avia-slideshow-inner ' style='padding-bottom: 74.976569821931%;'><li  class='avia-slideshow-slide av-mfzpu3rc-c4a0a00c66b0e102c5dfbf225e559be8__0  slide-1 slide-odd'><div data-rel='slideshow-2' class='avia-slide-wrap '   ><img decoding=\"async\" fetchpriority=\"high\" class=\"wp-image-1847 avia-img-lazy-loading-not-1847\"  src=\"https:\/\/rau.design\/wp-content\/uploads\/2025\/11\/Grafikprojekte.png\" width=\"1067\" height=\"800\" title='Grafikprojekte' alt=''  itemprop=\"thumbnailUrl\" srcset=\"https:\/\/rau.design\/wp-content\/uploads\/2025\/11\/Grafikprojekte.png 1067w, https:\/\/rau.design\/wp-content\/uploads\/2025\/11\/Grafikprojekte-300x225.png 300w, https:\/\/rau.design\/wp-content\/uploads\/2025\/11\/Grafikprojekte-1030x772.png 1030w, https:\/\/rau.design\/wp-content\/uploads\/2025\/11\/Grafikprojekte-768x576.png 768w, https:\/\/rau.design\/wp-content\/uploads\/2025\/11\/Grafikprojekte-705x529.png 705w\" sizes=\"(max-width: 1067px) 100vw, 1067px\" \/><\/div><\/li><li  class='avia-slideshow-slide av-mfzpu3rc-c4a0a00c66b0e102c5dfbf225e559be8__1  slide-2 slide-even'><div data-rel='slideshow-2' class='avia-slide-wrap '   ><img decoding=\"async\" fetchpriority=\"high\" class=\"wp-image-1695 avia-img-lazy-loading-not-1695\"  src=\"https:\/\/rau.design\/wp-content\/uploads\/2025\/11\/04-Grafikprojekte-diakonie-v3.png\" width=\"1067\" height=\"800\" title='04 Grafikprojekte-diakonie-v3' alt=''  itemprop=\"thumbnailUrl\" srcset=\"https:\/\/rau.design\/wp-content\/uploads\/2025\/11\/04-Grafikprojekte-diakonie-v3.png 1067w, https:\/\/rau.design\/wp-content\/uploads\/2025\/11\/04-Grafikprojekte-diakonie-v3-300x225.png 300w, https:\/\/rau.design\/wp-content\/uploads\/2025\/11\/04-Grafikprojekte-diakonie-v3-1030x772.png 1030w, https:\/\/rau.design\/wp-content\/uploads\/2025\/11\/04-Grafikprojekte-diakonie-v3-768x576.png 768w, https:\/\/rau.design\/wp-content\/uploads\/2025\/11\/04-Grafikprojekte-diakonie-v3-705x529.png 705w\" sizes=\"(max-width: 1067px) 100vw, 1067px\" \/><\/div><\/li><li  class='avia-slideshow-slide av-mfzpu3rc-c4a0a00c66b0e102c5dfbf225e559be8__2  slide-3 slide-odd'><div data-rel='slideshow-2' class='avia-slide-wrap '   ><img decoding=\"async\" fetchpriority=\"high\" class=\"wp-image-1898 avia-img-lazy-loading-not-1898\"  src=\"https:\/\/rau.design\/wp-content\/uploads\/2026\/02\/Grafikprojekte-Nagl-Consulting.png\" width=\"1067\" height=\"800\" title='Grafikprojekte-Nagl Consulting' alt=''  itemprop=\"thumbnailUrl\" srcset=\"https:\/\/rau.design\/wp-content\/uploads\/2026\/02\/Grafikprojekte-Nagl-Consulting.png 1067w, https:\/\/rau.design\/wp-content\/uploads\/2026\/02\/Grafikprojekte-Nagl-Consulting-300x225.png 300w, https:\/\/rau.design\/wp-content\/uploads\/2026\/02\/Grafikprojekte-Nagl-Consulting-1030x772.png 1030w, https:\/\/rau.design\/wp-content\/uploads\/2026\/02\/Grafikprojekte-Nagl-Consulting-768x576.png 768w, https:\/\/rau.design\/wp-content\/uploads\/2026\/02\/Grafikprojekte-Nagl-Consulting-705x529.png 705w\" sizes=\"(max-width: 1067px) 100vw, 1067px\" \/><\/div><\/li><li  class='avia-slideshow-slide av-mfzpu3rc-c4a0a00c66b0e102c5dfbf225e559be8__3  slide-4 slide-even'><div data-rel='slideshow-2' class='avia-slide-wrap '   ><img decoding=\"async\" fetchpriority=\"high\" class=\"wp-image-1893 avia-img-lazy-loading-not-1893\"  src=\"https:\/\/rau.design\/wp-content\/uploads\/2025\/11\/03-Grafikprojekte-befix-v3-1.png\" width=\"1067\" height=\"800\" title='03 Grafikprojekte-befix-v3' alt=''  itemprop=\"thumbnailUrl\" srcset=\"https:\/\/rau.design\/wp-content\/uploads\/2025\/11\/03-Grafikprojekte-befix-v3-1.png 1067w, https:\/\/rau.design\/wp-content\/uploads\/2025\/11\/03-Grafikprojekte-befix-v3-1-300x225.png 300w, https:\/\/rau.design\/wp-content\/uploads\/2025\/11\/03-Grafikprojekte-befix-v3-1-1030x772.png 1030w, https:\/\/rau.design\/wp-content\/uploads\/2025\/11\/03-Grafikprojekte-befix-v3-1-768x576.png 768w, https:\/\/rau.design\/wp-content\/uploads\/2025\/11\/03-Grafikprojekte-befix-v3-1-705x529.png 705w\" sizes=\"(max-width: 1067px) 100vw, 1067px\" \/><\/div><\/li><li  class='avia-slideshow-slide av-mfzpu3rc-c4a0a00c66b0e102c5dfbf225e559be8__4  slide-5 slide-odd'><div data-rel='slideshow-2' class='avia-slide-wrap '   ><img decoding=\"async\" fetchpriority=\"high\" class=\"wp-image-1914 avia-img-lazy-loading-not-1914\"  src=\"https:\/\/rau.design\/wp-content\/uploads\/2026\/02\/Grafikprojekte-Kletterlinge-1.png\" width=\"1667\" height=\"1250\" title='Grafikprojekte-Kletterlinge' alt=''  itemprop=\"thumbnailUrl\" srcset=\"https:\/\/rau.design\/wp-content\/uploads\/2026\/02\/Grafikprojekte-Kletterlinge-1.png 1667w, https:\/\/rau.design\/wp-content\/uploads\/2026\/02\/Grafikprojekte-Kletterlinge-1-300x225.png 300w, https:\/\/rau.design\/wp-content\/uploads\/2026\/02\/Grafikprojekte-Kletterlinge-1-1030x772.png 1030w, https:\/\/rau.design\/wp-content\/uploads\/2026\/02\/Grafikprojekte-Kletterlinge-1-768x576.png 768w, https:\/\/rau.design\/wp-content\/uploads\/2026\/02\/Grafikprojekte-Kletterlinge-1-1536x1152.png 1536w, https:\/\/rau.design\/wp-content\/uploads\/2026\/02\/Grafikprojekte-Kletterlinge-1-1500x1125.png 1500w, https:\/\/rau.design\/wp-content\/uploads\/2026\/02\/Grafikprojekte-Kletterlinge-1-705x529.png 705w\" sizes=\"(max-width: 1667px) 100vw, 1667px\" \/><\/div><\/li><li  class='avia-slideshow-slide av-mfzpu3rc-c4a0a00c66b0e102c5dfbf225e559be8__5  slide-6 slide-even'><div data-rel='slideshow-2' class='avia-slide-wrap '   ><img decoding=\"async\" fetchpriority=\"high\" class=\"wp-image-1696 avia-img-lazy-loading-not-1696\"  src=\"https:\/\/rau.design\/wp-content\/uploads\/2025\/11\/05-Grafikprojekte-safety-v3.png\" width=\"1067\" height=\"800\" title='05 Grafikprojekte-safety-v3' alt=''  itemprop=\"thumbnailUrl\" srcset=\"https:\/\/rau.design\/wp-content\/uploads\/2025\/11\/05-Grafikprojekte-safety-v3.png 1067w, https:\/\/rau.design\/wp-content\/uploads\/2025\/11\/05-Grafikprojekte-safety-v3-300x225.png 300w, https:\/\/rau.design\/wp-content\/uploads\/2025\/11\/05-Grafikprojekte-safety-v3-1030x772.png 1030w, https:\/\/rau.design\/wp-content\/uploads\/2025\/11\/05-Grafikprojekte-safety-v3-768x576.png 768w, https:\/\/rau.design\/wp-content\/uploads\/2025\/11\/05-Grafikprojekte-safety-v3-705x529.png 705w\" sizes=\"(max-width: 1067px) 100vw, 1067px\" \/><\/div><\/li><li  class='avia-slideshow-slide av-mfzpu3rc-c4a0a00c66b0e102c5dfbf225e559be8__6  slide-7 slide-odd'><div data-rel='slideshow-2' class='avia-slide-wrap '   ><img decoding=\"async\" fetchpriority=\"high\" class=\"wp-image-1693 avia-img-lazy-loading-not-1693\"  src=\"https:\/\/rau.design\/wp-content\/uploads\/2025\/11\/01-Grafikprojekte-youbeon-v3.png\" width=\"1067\" height=\"800\" title='01 Grafikprojekte-youbeon-v3' alt=''  itemprop=\"thumbnailUrl\" srcset=\"https:\/\/rau.design\/wp-content\/uploads\/2025\/11\/01-Grafikprojekte-youbeon-v3.png 1067w, https:\/\/rau.design\/wp-content\/uploads\/2025\/11\/01-Grafikprojekte-youbeon-v3-300x225.png 300w, https:\/\/rau.design\/wp-content\/uploads\/2025\/11\/01-Grafikprojekte-youbeon-v3-1030x772.png 1030w, https:\/\/rau.design\/wp-content\/uploads\/2025\/11\/01-Grafikprojekte-youbeon-v3-768x576.png 768w, https:\/\/rau.design\/wp-content\/uploads\/2025\/11\/01-Grafikprojekte-youbeon-v3-705x529.png 705w\" sizes=\"(max-width: 1067px) 100vw, 1067px\" \/><\/div><\/li><li  class='avia-slideshow-slide av-mfzpu3rc-c4a0a00c66b0e102c5dfbf225e559be8__7  slide-8 slide-even'><div data-rel='slideshow-2' class='avia-slide-wrap '   ><img decoding=\"async\" fetchpriority=\"high\" class=\"wp-image-1697 avia-img-lazy-loading-not-1697\"  src=\"https:\/\/rau.design\/wp-content\/uploads\/2025\/11\/06-Grafikprojekte-baumflo-v3.png\" width=\"1067\" height=\"800\" title='06 Grafikprojekte-baumflo-v3' alt=''  itemprop=\"thumbnailUrl\" srcset=\"https:\/\/rau.design\/wp-content\/uploads\/2025\/11\/06-Grafikprojekte-baumflo-v3.png 1067w, https:\/\/rau.design\/wp-content\/uploads\/2025\/11\/06-Grafikprojekte-baumflo-v3-300x225.png 300w, https:\/\/rau.design\/wp-content\/uploads\/2025\/11\/06-Grafikprojekte-baumflo-v3-1030x772.png 1030w, https:\/\/rau.design\/wp-content\/uploads\/2025\/11\/06-Grafikprojekte-baumflo-v3-768x576.png 768w, https:\/\/rau.design\/wp-content\/uploads\/2025\/11\/06-Grafikprojekte-baumflo-v3-705x529.png 705w\" sizes=\"(max-width: 1067px) 100vw, 1067px\" \/><\/div><\/li><\/ul><div class='avia-slideshow-arrows avia-slideshow-controls' ><a href='#prev' class='prev-slide  avia-svg-icon avia-font-svg_entypo-fontello' data-av_svg_icon='left-open-big' data-av_iconset='svg_entypo-fontello' tabindex='-1' title=\"Previous\"><svg version=\"1.1\" xmlns=\"http:\/\/www.w3.org\/2000\/svg\" width=\"15\" height=\"32\" viewBox=\"0 0 15 32\" preserveAspectRatio=\"xMidYMid meet\" aria-labelledby='av-svg-title-5' aria-describedby='av-svg-desc-5' role=\"graphics-symbol\" aria-hidden=\"true\">\n<title id='av-svg-title-5'>Previous<\/title>\n<desc id='av-svg-desc-5'>Previous<\/desc>\n<path d=\"M14.464 27.84q0.832 0.832 0 1.536-0.832 0.832-1.536 0l-12.544-12.608q-0.768-0.768 0-1.6l12.544-12.608q0.704-0.832 1.536 0 0.832 0.704 0 1.536l-11.456 11.904z\"><\/path>\n<\/svg><span class='avia_hidden_link_text'>Previous<\/span><\/a><a href='#next' class='next-slide  avia-svg-icon avia-font-svg_entypo-fontello' data-av_svg_icon='right-open-big' data-av_iconset='svg_entypo-fontello' tabindex='-1' title=\"Next\"><svg version=\"1.1\" xmlns=\"http:\/\/www.w3.org\/2000\/svg\" width=\"15\" height=\"32\" viewBox=\"0 0 15 32\" preserveAspectRatio=\"xMidYMid meet\" aria-labelledby='av-svg-title-6' aria-describedby='av-svg-desc-6' role=\"graphics-symbol\" aria-hidden=\"true\">\n<title id='av-svg-title-6'>Next<\/title>\n<desc id='av-svg-desc-6'>Next<\/desc>\n<path d=\"M0.416 27.84l11.456-11.84-11.456-11.904q-0.832-0.832 0-1.536 0.832-0.832 1.536 0l12.544 12.608q0.768 0.832 0 1.6l-12.544 12.608q-0.704 0.832-1.536 0-0.832-0.704 0-1.536z\"><\/path>\n<\/svg><span class='avia_hidden_link_text'>Next<\/span><\/a><\/div><div class='avia-slideshow-dots avia-slideshow-controls'><a href='#1' class='goto-slide active' >1<\/a><a href='#2' class='goto-slide ' >2<\/a><a href='#3' class='goto-slide ' >3<\/a><a href='#4' class='goto-slide ' >4<\/a><a href='#5' class='goto-slide ' >5<\/a><a href='#6' class='goto-slide ' >6<\/a><a href='#7' class='goto-slide ' >7<\/a><a href='#8' class='goto-slide ' >8<\/a><\/div><\/div><\/div>\n","protected":false},"excerpt":{"rendered":"","protected":false},"author":1,"featured_media":0,"parent":0,"menu_order":0,"comment_status":"closed","ping_status":"closed","template":"","meta":{"footnotes":""},"class_list":["post-342","page","type-page","status-publish","hentry"],"_links":{"self":[{"href":"https:\/\/rau.design\/index.php\/wp-json\/wp\/v2\/pages\/342","targetHints":{"allow":["GET"]}}],"collection":[{"href":"https:\/\/rau.design\/index.php\/wp-json\/wp\/v2\/pages"}],"about":[{"href":"https:\/\/rau.design\/index.php\/wp-json\/wp\/v2\/types\/page"}],"author":[{"embeddable":true,"href":"https:\/\/rau.design\/index.php\/wp-json\/wp\/v2\/users\/1"}],"replies":[{"embeddable":true,"href":"https:\/\/rau.design\/index.php\/wp-json\/wp\/v2\/comments?post=342"}],"version-history":[{"count":102,"href":"https:\/\/rau.design\/index.php\/wp-json\/wp\/v2\/pages\/342\/revisions"}],"predecessor-version":[{"id":1915,"href":"https:\/\/rau.design\/index.php\/wp-json\/wp\/v2\/pages\/342\/revisions\/1915"}],"wp:attachment":[{"href":"https:\/\/rau.design\/index.php\/wp-json\/wp\/v2\/media?parent=342"}],"curies":[{"name":"wp","href":"https:\/\/api.w.org\/{rel}","templated":true}]}}